11*h**2 + 2*h - 14. Let m be (-1)/(-2) + (-22)/(-4). Suppose -m*g - 3*g = -243. What is the remainder when g is divided by j(11)?
3
Let m = -866 - -1824. Calculate the remainder when m is divided by 120.
118
Suppose -23*z + 102*z - 1027 = 0. Suppose s = -0*s + 8. Let l = s + z. What is the remainder when l is divided by 6?
3
Suppose 1 = i + n - 75, i - 2*n = 73. Calculate the remainder when i is divided by 11.
9
Suppose 0 = 5*g - 15. Let a(l) = 33 + 22 + 9 + l + l**g. What is the remainder when a(0) is divided by 22?
20
Let h(i) be the third derivative of i**6/40 - i**5/30 - i**4/12 + i**3/3 + 2*i**2. Calculate the remainder when h(2) is divided by 400/60*(-6)/(-8).
4
Let r(h) = -h**3 + 4*h**2 - 3*h + 3. Let z(j) be the second derivative of -j**4/12 + j**3 + 4*j**2 + 5*j. Calculate the remainder when z(6) is divided by r(2).
3
Suppose 0 = 3*m - 0*m + 12. What is the remainder when 0/(9 - 13) - (-25 + 2) is divided by (m/(-5))/((-2)/(-15))?
5
Suppose -4*f + a - 15 = 0, 4*a = -a - 25. Let k(s) = -13*s + 1. Calculate the remainder when k(f) is divided by 23.
20
Suppose 34*r = -20*r + 16956. Calculate the remainder when r is divided by 53.
49
Let l be (-8)/(-4) + -3 + -2. Let j(c) = -9*c - 6. Calculate the remainder when j(l) is divided by 11.
10
Suppose 0 = -12*o + 6*o. Suppose o = 13*v - 7*v - 954. Calculate the remainder when v is divided by 23.
21
Suppose -5*m + 22 = -2*h + 5, 0 = 4*h - m - 11. What is the remainder when 16 is divided by h?
0
Suppose -12 - 20 = -2*x. Let q(o) = o. What is the remainder when x is divided by q(5)?
1
Let p(c) = 10*c + 145. Calculate the remainder when p(-9) is divided by 20.
15
Suppose -4*c + 14*d + 75 = 9*d, 72 = 5*c + d. Suppose 0*j + j = -8. Let y = j + c. Calculate the remainder when 25 is divided by y.
4
Let k(p) = p**2 - p + 1. Suppose -1 - 3 = 4*q. Let d(j) = -4*j**2 - j - 9. Let w(l) = q*k(l) - d(l). What is the remainder when w(5) is divided by 24?
21
Let v(f) = -f + 10. Let x be v(6). Suppose -x*i - 5*z = -2*z - 216, -i = -z - 47. Calculate the remainder when i is divided by 18.
15
Let g = 7 - 4. Suppose 2*n + g*w - 46 = 0, -2*n + 0*n + 46 = 4*w. What is the remainder when 112 is divided by n?
20
Suppose 0 = -3*l + 3*r + 78 + 234, 2*l = -5*r + 173. Suppose 0 = -3*o + l - 3. Calculate the remainder when o is divided by 5.
2
Let g(h) = 3*h**2 - 7*h + 6. Let v be g(6). Suppose 4*n = -4 + v. What is the remainder when 284/6 - (-535)/321 is divided by n?
15
Suppose 25 = -5*k, -4*q - 5*k + 87 + 52 = 0. What is the remainder when q is divided by 22?
19
Let v = 2744 + -2681. What is the remainder when v is divided by 28?
7
Let g be (0 - -2)/(1/111). Suppose 5*j - 32 - 16 = -4*w, 0 = 4*w + 12. Calculate the remainder when 1/(-5) - g/(-10) is divided by j.
10
Let h(d) = -d**3 + 9*d**2 + 13*d - 14. Let n be h(10). Suppose f = -s - 0*s + n, 0 = s + 4*f - 16. Calculate the remainder when 63 is divided by s.
15
Let a be 3/(-2)*((-32)/6 - -2). Suppose -l - 2*u + 11 = 0, -a*l - 2*u - 9 = -96. What is the remainder when l is divided by 3?
1
What is the remainder when 163 is divided by 1150/20 - 5/10?
49
Suppose 0*r = -4*s - 2*r - 362, -5*s + 2*r = 457. Let o = -78 - s. What is the remainder when 48 is divided by o?
9
Suppose -138*c = -140*c + 18. What is the remainder when 115 is divided by c?
7
Let d = -68 - -78. Suppose 0 = -d*u + u + 243. Calculate the remainder when 79 is divided by u.
25
Let b = 8 - 22. Let h = b + 34. Let i = h - 10. Calculate the remainder when 28 is divided by i.
8
Suppose -9*q + 226 = 4*l - 8*q, 0 = 5*l - 4*q - 272. Calculate the remainder when l is divided by 19.
18
Suppose -4*y + 0 - 8 = -2*m, 3*m - y - 22 = 0. What is the remainder when m is divided by 4?
0
Let t(d) = -108*d - 283. What is the remainder when 1635 is divided by t(-4)?
145
Suppose 476 = 25*a + 3*a. Calculate the remainder when ((-24)/15)/((-4)/70) is divided by a.
11
Let h = 1 - -2. Let a be ((-6)/8)/((-9)/36). Suppose -2*t - 13 = -a*n, n - 21 = -t - 3*n. Calculate the remainder when h is divided by t.
0
Let l be 4/(-34) + 14/119. Suppose 5*x + l*x = 4*q - 3894, q + x = 978. Calculate the remainder when 2/10 + q/20 is divided by 26.
23
Let d = 80 - 11. Let a = d - 23. Let v = -25 + a. What is the remainder when 60 is divided by v?
18
Suppose -3*p + 40 = p. Let v(g) = -118*g - 316. What is the remainder when v(-3) is divided by p?
8
Suppose -j = 4*k - 177, -2*j - 2*k + 360 = -0*j. Let b = j - 89. Calculate the remainder when b is divided by 32.
28
Suppose -36 = -5*x + 2*x. Let u(b) = -b + 11. Let s be u(x). Let d = s + 13. Calculate the remainder when 58 is divided by d.
10
Suppose 18 = 2*a + a - 5*j, j = -3*a. Let c = -5 - -6. Suppose -l + 11 = 4*d, -2*d + c - 6 = -3*l. What is the remainder when l is divided by a?
0
Let h be 14*3/(-12)*6. Let f be h/(-14)*2/1. Suppose -f - 9 = -4*v, -49 = -k - 4*v. What is the remainder when k is divided by 13?
11
Let f(h) be the first derivative of -h**4/4 + 7*h**2/2 - 7*h + 6. Let w be f(-6). Let r = 234 - w. What is the remainder when r is divided by 17?
16
Let v = 1 + -2. Let j be 3/6*v*0. Suppose j = u + 5*r + 4 - 17, 3*r - 109 = -5*u. What is the remainder when 45 is divided by u?
22
Suppose 0 = -3*z + 575 - 149. What is the remainder when z is divided by ((-33)/22)/((-1)/16)?
22
Let s(u) = 2*u + 12. Let l be s(-5). Suppose -3*y + 2*q = -60, l*q = -2*y - 3*q + 40. What is the remainder when y is divided by 3?
2
Let v(z) = 2*z**2 - 6*z + 5. Let d be v(3). Let m be 0/1 + 15/d. Suppose 3*y - 38 = -m*o + 4*y, 5*y = 4*o - 36. What is the remainder when 54 is divided by o?
12
Let v be -2 + (4 + -4 - -4). Calculate the remainder when (605/22)/(1/v) is divided by 19.
17
Suppose y + 4*y - 225 = -3*q, 4*y - 153 = 3*q. Calculate the remainder when y is divided by (-51)/(-850)*10*20.
6
Suppose 3636 = 157*v - 121*v. Calculate the remainder when v is divided by 27.
20
Let h be -1 - 3/(9/69). What is the remainder when 8/(-1 + -10*3/h) is divided by 18?
14
Let y(w) = w + 3*w - 4*w**3 - 5*w. Calculate the remainder when 3/(-8) + 3/(48/230) is divided by y(-1).
4
Let g(l) = -7*l - 2*l - 10 + 6*l**2 + 29*l - 11*l. Let m = -4 + 8. Calculate the remainder when g(1) is divided by m.
1
Let b = 101 + -29. Suppose -4*w + 129 = 3*f, -2*w + 20 = -4*f - b. Suppose -4*r = -13 - 27. Calculate the remainder when w is divided by r.
6
Let c = -51 - -57. Let f = -16 - -10. What is the remainder when f/(-8) + (-37)/(-4) is divided by c?
4
Let k = 85 + -80. Suppose -q = 2*c - 502, -232 = -c + k*q + 19. Calculate the remainder when c is divided by 63.
62
Let u(g) = -g - 13. Let d be u(-15). What is the remainder when 62 is divided by ((-42)/(-4))/(d/4)?
20
What is the remainder when 162 is divided by (-24)/2244*-11 - 147/(-51)?
0
Suppose 5*m + 3*t - 63 = 0, t + 50 = 2*m - 4*t. Calculate the remainder when 162 is divided by m.
12
Let i = -44 - -62. Let w(t) = t**3 + 9*t**2 + 6*t - 7. Calculate the remainder when w(-7) is divided by i.
13
Suppose k + 3*m - 16 = -k, 4*m = 4*k - 12. Suppose 2*f - 2*a - 32 = 0, 4*f - 25 - 3 = -k*a. What is the remainder when 35 is divided by f?
11
Suppose 3*n + 5*y - 252 = 0, -9*n + 448 = -4*n - y. What is the remainder when n is divided by 53?
36
Calculate the remainder when 165 is divided by -1 + -1 + -3*(-92)/12.
18
Suppose -g - 98 = 130. Let a = 45 - g. Calculate the remainder when a is divided by 46.
43
Let m = -1 - -12. Suppose 0 = -n - m + 34. What is the remainder when n is divided by ((-6)/(-6))/((-2)/(-12))?
5
Let h(j) = 12*j + 102. Let r be h(-19). Let m = 169 + r. Let v = 28 - 17. Calculate the remainder when m is divided by v.
10
Suppose f + 2*c = 253, -4*c + 5*c - 254 = -f. Suppose -14*v + f = -319. What is the remainder when v is divided by 24?
17
Calculate the remainder when (94 - 2)/2 - 0/(-42) is divided by 20.
6
Suppose 0*j + 3*j = s + 22, -3*j - 4*s = -2. Suppose -j*x = -2*x - 28. Calculate the remainder when 50 is divided by -1 - -17 - (x + -4).
11
Let i be 2/(-24)*-4*12. Suppose -i*l + 2*l = -34. Let j = -25 - -74. What is the remainder when j is divided by l?
15
Suppose -2*c - 46 = -i, 3*c - 106 = -3*i + i. Calculate the remainder when 120 is divided by i.
20
Let l = 285 - 274. What is the remainder when 39 is divided by l?
6
What is the remainder when (5 - (-102)/(